{"id":7,"date":"2010-08-04T19:08:12","date_gmt":"2010-08-04T17:08:12","guid":{"rendered":"http:\/\/www.xn--gnsehaut-0za.at\/2010\/?page_id=7"},"modified":"2025-10-08T09:51:05","modified_gmt":"2025-10-08T07:51:05","slug":"anmeldung","status":"publish","type":"page","link":"https:\/\/www.g\u00e4nsehaut.at\/?page_id=7","title":{"rendered":"Tickets"},"content":{"rendered":"\n<p class=\"has-text-align-center wp-block-heading has-white-color has-vivid-red-background-color has-text-color has-background has-link-color has-medium-font-size wp-elements-95459f475d64dfc4fd0204a958d99399\"><strong>WIR SIND NACH NICHT EINMAL 1 MINUTE RESTLOS AUSVERKAUFT !<\/strong><br><strong>WOW &#8211; WIR SIND \u00dcBERW\u00c4LTIGT &#8211; VIELEN HERZLICHEN DANK<br><\/strong><br>Das heurige R\u00e4tsel, welches euch die genaue Vorverkaufszeit erraten lie\u00df, war wie folgt:<br><br><strong>Im Jahr, da Ravelsbach zum Markt ernannt verr\u00e4t die Zeit, die erste mit der dritten nebeneinand macht die Stund bereit. F\u00fcr die Minuten, die zweite mit der vierten addiert und mal drei geschwind, seit schnell, bevor die Zeit verrinnt!<\/strong><br><br>Hier die Aufl\u00f6sung des R\u00e4tsels:<br><br>1314 wurde Ravelsbach bereits als Markt bezeichnet, das Erhebungsdekret fehlte aber &#8211; somit war Ravelsbach offiziell noch keine Marktgemeinde. <br>Erst<strong> 1493 <\/strong>verlieh der r\u00f6misch-deutsche K\u00f6nig Maximilian der Gemeinde das Marktrecht.<br>Daraus ergibt sich also der Beginn des Kartenvorverkaufs um 19:21!<br><br>Herzlichen Gl\u00fcckwunsch an alle, die das R\u00e4tsel gel\u00f6st und Karten ergattert haben!<br><br>Wir freuen uns auf alle, die wir am 25. Oktober begr\u00fc\u00dfen d\u00fcrfen.<br><br>Ps.: Uns haben einige Nachrichten, mit falschen Uhrzeiten erreicht, die die Verwendung von Chat GPT erw\u00e4hnt haben\u2026Man sieht also, auch die KI kann vom Teufel besessen sein und oft die einfachsten R\u00e4tsel nicht l\u00f6sen.<strong><br><\/strong><\/p>\n\n\n\n<p><\/p>\n\n\n\n<h2 class=\"wp-block-heading\"><mark style=\"background-color:rgba(0, 0, 0, 0)\" class=\"has-inline-color has-vivid-red-color\">Wichtiger Hinweis nach dem Kartenkauf!<\/mark><\/h2>\n\n\n\n<p class=\"has-medium-font-size\">Wenn Du es tats\u00e4chlich geschafft hast, Dir hei\u00dfbegehrte G\u00e4nsehaut-Tickets zu sichern, erscheine bitte am Veranstaltungstermin<strong> mindestens 30 Minuten<\/strong> vor Deiner am Ticket aufgedruckten Startzeit am Veranstaltungsort <a href=\"https:\/\/maps.app.goo.gl\/U66MRzZKZyt1LgWLA\" target=\"_blank\" rel=\"noreferrer noopener\">Kulturzentrum Ravelsbach<\/a>. Melde Dich dort beim Startrichter an! Solltest du trotz Deines Ticketkaufs nicht rechtzeitig vorab erscheinen, behalten wir uns das Recht vor, Startzeiten weiter zu vergeben.<\/p>\n\n\n\n<p class=\"has-medium-font-size\">Vom Startrichter erh\u00e4ltst du dann alle weiteren Informationen sowie eine Orientierungskarte und eine Laterne pro Gruppe. Ggf. m\u00fcsst Ihr einen Gruppenf\u00fchrer bestimmen. Du kannst Dich dann noch gemeinsam mit Deinen anderen Nachtwanderern im Kulturkeller bei unserem &#8222;Gruselbuffet&#8220; f\u00fcr die ca. 2 Stunden dauernde, 5-6 km lange Horrorwanderung st\u00e4rken. Die Mitnahme von Thermoskannen o.\u00e4. ist nicht gestattet. Wir bringen Dich in mehrerer Hinsicht anders zum Schwitzen! Au\u00dferdem gibt es auf halber Strecke eine Labh\u00fctte, welche auch warme Getr\u00e4nke anbietet! Bitte komme mit festem Schuhwerk und beachte vorab unbedingt unsere AGB.<\/p>\n\n\n\n<h2 class=\"wp-block-heading\"><mark style=\"background-color:rgba(0, 0, 0, 0)\" class=\"has-inline-color has-vivid-red-color\">Wichtiger Hinweis wenn du KEINE Karten ergattert hast!<\/mark><\/h2>\n\n\n\n<p class=\"has-medium-font-size\">Selbst bei ausverkaufter Veranstaltung kann es rein theoretisch zu einzelnen freien Startpl\u00e4tzen und somit zum Einsatz der Abendkassa kommen (Ausfall, Krankheit, etc.). Ein Besuch im Kulturkeller kann sich also f\u00fcr Spekulanten m\u00f6glicherweise lohnen&#8230; und falls doch nicht, kannst Du die mystische Stimmung rund um den Start und das Kulturzentrum dennoch ein wenig genie\u00dfen und Dich am Gruselbuffet st\u00e4rken.<br><\/p>\n\n\n\n<figure class=\"wp-block-image size-large\"><a href=\"https:\/\/www.g\u00e4nsehaut.at\/wp-content\/uploads\/2017\/01\/56_DSC3097.jpg\"><img loading=\"lazy\" decoding=\"async\" width=\"1024\" height=\"682\" src=\"https:\/\/www.g\u00e4nsehaut.at\/wp-content\/uploads\/2017\/01\/56_DSC3097-1024x682.jpg\" alt=\"\" class=\"wp-image-1174\" srcset=\"https:\/\/www.g\u00e4nsehaut.at\/wp-content\/uploads\/2017\/01\/56_DSC3097-1024x682.jpg 1024w, https:\/\/www.g\u00e4nsehaut.at\/wp-content\/uploads\/2017\/01\/56_DSC3097-300x200.jpg 300w, https:\/\/www.g\u00e4nsehaut.at\/wp-content\/uploads\/2017\/01\/56_DSC3097.jpg 1920w\" sizes=\"auto, (max-width: 1024px) 100vw, 1024px\" \/><\/a><figcaption class=\"wp-element-caption\">Fotocredit: MS Fototeam | Martin Mathes<\/figcaption><\/figure>\n\n\n\n<p><\/p>\n","protected":false},"excerpt":{"rendered":"<p>WIR SIND NACH NICHT EINMAL 1 MINUTE RESTLOS AUSVERKAUFT !WOW &#8211; WIR SIND \u00dcBERW\u00c4LTIGT &#8211; VIELEN HERZLICHEN DANKDas heurige R\u00e4tsel, welches euch die genaue Vorverkaufszeit erraten lie\u00df, war wie folgt: Im Jahr, da Ravelsbach zum Markt ernannt verr\u00e4t die Zeit, die erste mit der dritten nebeneinand macht die Stund bereit. F\u00fcr die Minuten, die zweite [&hellip;]<\/p>\n","protected":false},"author":1,"featured_media":0,"parent":2,"menu_order":4,"comment_status":"closed","ping_status":"closed","template":"","meta":{"ngg_post_thumbnail":0,"footnotes":""},"class_list":["post-7","page","type-page","status-publish","hentry"],"_links":{"self":[{"href":"https:\/\/www.g\u00e4nsehaut.at\/index.php?rest_route=\/wp\/v2\/pages\/7","targetHints":{"allow":["GET"]}}],"collection":[{"href":"https:\/\/www.g\u00e4nsehaut.at\/index.php?rest_route=\/wp\/v2\/pages"}],"about":[{"href":"https:\/\/www.g\u00e4nsehaut.at\/index.php?rest_route=\/wp\/v2\/types\/page"}],"author":[{"embeddable":true,"href":"https:\/\/www.g\u00e4nsehaut.at\/index.php?rest_route=\/wp\/v2\/users\/1"}],"replies":[{"embeddable":true,"href":"https:\/\/www.g\u00e4nsehaut.at\/index.php?rest_route=%2Fwp%2Fv2%2Fcomments&post=7"}],"version-history":[{"count":161,"href":"https:\/\/www.g\u00e4nsehaut.at\/index.php?rest_route=\/wp\/v2\/pages\/7\/revisions"}],"predecessor-version":[{"id":2004,"href":"https:\/\/www.g\u00e4nsehaut.at\/index.php?rest_route=\/wp\/v2\/pages\/7\/revisions\/2004"}],"up":[{"embeddable":true,"href":"https:\/\/www.g\u00e4nsehaut.at\/index.php?rest_route=\/wp\/v2\/pages\/2"}],"wp:attachment":[{"href":"https:\/\/www.g\u00e4nsehaut.at\/index.php?rest_route=%2Fwp%2Fv2%2Fmedia&parent=7"}],"curies":[{"name":"wp","href":"https:\/\/api.w.org\/{rel}","templated":true}]}}

https://www.gänsehaut.at/?page_id=7

<p class="has-text-align-center wp-block-heading has-white-color has-vivid-red-background-color has-text-color has-background has-link-color has-medium-font-size wp-elements-95459f475d64dfc4fd0204a958d99399"><strong>WIR SIND NACH NICHT EINMAL 1 MINUTE RESTLOS AUSVERKAUFT !</strong><br><strong>WOW &#8211; WIR SIND ÜBERWÄLTIGT &#8211; VIELEN HERZLICHEN DANK<br></strong><br>Das heurige Rätsel, welches euch die genaue Vorverkaufszeit erraten ließ, war wie folgt:<br><br><strong>Im Jahr, da Ravelsbach zum Markt ernannt verrät die Zeit, die erste mit der dritten nebeneinand macht die Stund bereit. Für die Minuten, die zweite mit der vierten addiert und mal drei geschwind, seit schnell, bevor die Zeit verrinnt!</strong><br><br>Hier die Auflösung des Rätsels:<br><br>1314 wurde Ravelsbach bereits als Markt bezeichnet, das Erhebungsdekret fehlte aber &#8211; somit war Ravelsbach offiziell noch keine Marktgemeinde. <br>Erst<strong> 1493 </strong>verlieh der römisch-deutsche König Maximilian der Gemeinde das Marktrecht.<br>Daraus ergibt sich also der Beginn des Kartenvorverkaufs um 19:21!<br><br>Herzlichen Glückwunsch an alle, die das Rätsel gelöst und Karten ergattert haben!<br><br>Wir freuen uns auf alle, die wir am 25. Oktober begrüßen dürfen.<br><br>Ps.: Uns haben einige Nachrichten, mit falschen Uhrzeiten erreicht, die die Verwendung von Chat GPT erwähnt haben…Man sieht also, auch die KI kann vom Teufel besessen sein und oft die einfachsten Rätsel nicht lösen.<strong><br></strong></p>



<p></p>



<h2 class="wp-block-heading"><mark style="background-color:rgba(0, 0, 0, 0)" class="has-inline-color has-vivid-red-color">Wichtiger Hinweis nach dem Kartenkauf!</mark></h2>



<p class="has-medium-font-size">Wenn Du es tatsächlich geschafft hast, Dir heißbegehrte Gänsehaut-Tickets zu sichern, erscheine bitte am Veranstaltungstermin<strong> mindestens 30 Minuten</strong> vor Deiner am Ticket aufgedruckten Startzeit am Veranstaltungsort <a href="https://maps.app.goo.gl/U66MRzZKZyt1LgWLA" target="_blank" rel="noreferrer noopener">Kulturzentrum Ravelsbach</a>. Melde Dich dort beim Startrichter an! Solltest du trotz Deines Ticketkaufs nicht rechtzeitig vorab erscheinen, behalten wir uns das Recht vor, Startzeiten weiter zu vergeben.</p>



<p class="has-medium-font-size">Vom Startrichter erhältst du dann alle weiteren Informationen sowie eine Orientierungskarte und eine Laterne pro Gruppe. Ggf. müsst Ihr einen Gruppenführer bestimmen. Du kannst Dich dann noch gemeinsam mit Deinen anderen Nachtwanderern im Kulturkeller bei unserem &#8222;Gruselbuffet&#8220; für die ca. 2 Stunden dauernde, 5-6 km lange Horrorwanderung stärken. Die Mitnahme von Thermoskannen o.ä. ist nicht gestattet. Wir bringen Dich in mehrerer Hinsicht anders zum Schwitzen! Außerdem gibt es auf halber Strecke eine Labhütte, welche auch warme Getränke anbietet! Bitte komme mit festem Schuhwerk und beachte vorab unbedingt unsere AGB.</p>



<h2 class="wp-block-heading"><mark style="background-color:rgba(0, 0, 0, 0)" class="has-inline-color has-vivid-red-color">Wichtiger Hinweis wenn du KEINE Karten ergattert hast!</mark></h2>



<p class="has-medium-font-size">Selbst bei ausverkaufter Veranstaltung kann es rein theoretisch zu einzelnen freien Startplätzen und somit zum Einsatz der Abendkassa kommen (Ausfall, Krankheit, etc.). Ein Besuch im Kulturkeller kann sich also für Spekulanten möglicherweise lohnen&#8230; und falls doch nicht, kannst Du die mystische Stimmung rund um den Start und das Kulturzentrum dennoch ein wenig genießen und Dich am Gruselbuffet stärken.<br></p>



<figure class="wp-block-image size-large"><a href="https://www.gänsehaut.at/wp-content/uploads/2017/01/56_DSC3097.jpg"><img loading="lazy" decoding="async" width="1024" height="682" src="https://www.gänsehaut.at/wp-content/uploads/2017/01/56_DSC3097-1024x682.jpg" alt="" class="wp-image-1174" srcset="https://www.gänsehaut.at/wp-content/uploads/2017/01/56_DSC3097-1024x682.jpg 1024w, https://www.gänsehaut.at/wp-content/uploads/2017/01/56_DSC3097-300x200.jpg 300w, https://www.gänsehaut.at/wp-content/uploads/2017/01/56_DSC3097.jpg 1920w" sizes="auto, (max-width: 1024px) 100vw, 1024px" /></a><figcaption class="wp-element-caption">Fotocredit: MS Fototeam | Martin Mathes</figcaption></figure>



<p></p>

<p>WIR SIND NACH NICHT EINMAL 1 MINUTE RESTLOS AUSVERKAUFT !WOW &#8211; WIR SIND ÜBERWÄLTIGT &#8211; VIELEN HERZLICHEN DANKDas heurige Rätsel, welches euch die genaue Vorverkaufszeit erraten ließ, war wie folgt: Im Jahr, da Ravelsbach zum Markt ernannt verrät die Zeit, die erste mit der dritten nebeneinand macht die Stund bereit. Für die Minuten, die zweite [&hellip;]</p>

https://www.gänsehaut.at/index.php?rest_route=/wp/v2/pages/7

https://www.gänsehaut.at/index.php?rest_route=/wp/v2/pages

https://www.gänsehaut.at/index.php?rest_route=/wp/v2/types/page

https://www.gänsehaut.at/index.php?rest_route=/wp/v2/users/1

https://www.gänsehaut.at/index.php?rest_route=%2Fwp%2Fv2%2Fcomments&post=7

https://www.gänsehaut.at/index.php?rest_route=/wp/v2/pages/7/revisions

https://www.gänsehaut.at/index.php?rest_route=/wp/v2/pages/7/revisions/2004

https://www.gänsehaut.at/index.php?rest_route=/wp/v2/pages/2

https://www.gänsehaut.at/index.php?rest_route=%2Fwp%2Fv2%2Fmedia&parent=7
