{"id":975,"date":"2017-01-11T10:56:04","date_gmt":"2017-01-11T08:56:04","guid":{"rendered":"http:\/\/www.xn--gnsehaut-0za.at\/2010\/?page_id=975"},"modified":"2024-10-29T10:52:54","modified_gmt":"2024-10-29T08:52:54","slug":"die-historie","status":"publish","type":"page","link":"https:\/\/www.g\u00e4nsehaut.at\/?page_id=975","title":{"rendered":"Die Historie"},"content":{"rendered":"\n<h2 class=\"wp-block-heading\">2006<\/h2>\n\n\n\n<p class=\"has-medium-font-size\">Im Jahre 2006 fanden sich vier junge Menschen die im Rahmen des vom Verein <em>ravelsbach.kultur<\/em> initiierten Jugendprojektes <em>medien.kunst.haus<\/em> begannen, die Original-Sage umzuschreiben, dabei das Ende offen zu lassen und diese auch zu verfilmen. Vorerst war aber der Aufwand f\u00fcr einen Filmdreh zu hoch und man verwarf die Idee wieder. Man nahm die Sage daher nur audiotechnisch auf, quasi ein Podcast mit nur einer Folge. Noch lange bevor es Podcasts \u00fcberhaupt gab&#8230;<\/p>\n\n\n\n<h2 class=\"wp-block-heading\">2007<\/h2>\n\n\n\n<p class=\"has-medium-font-size\">Im Jahre 2007 erkl\u00e4rte sich der Verein <em>ravelsbach.kultur <\/em>unter dem damaligen Obmann Kurt Leidenfrost sen. bereit, diese tontechnischen Mitschnitte der Hungerturmsage w\u00e4hrend eines mittelalterlichen Konzertes zu Halloween, zu pr\u00e4sentieren und damit die Sage der Bev\u00f6lkerung \u2013 vor allem den Jugendlichen \u2013 wieder in das Ged\u00e4chtnis zu rufen. <\/p>\n\n\n\n<p class=\"has-medium-font-size\">Diese Mitschnitte der Sage bildeten schlie\u00dflich die Ausgangsgeschichte f\u00fcr ein Stationentheater mit damals 10 Statisten im Rahmen einer Nachtwanderung, an welcher die Konzertbesuchenden kostenlos teilnehmen konnten. Sie hatten dabei die M\u00f6glichkeit, in den W\u00e4ldern rund um den Hungerturm in Ravelsbach diverse Mutproben zu bestreiten. Das angebotene Kombiticket von Konzert und anschlie\u00dfender Nachtwanderung fand nicht viel Anklang. Jedoch wurde durch den Verein auch die Nachtwanderung alleine, also ohne Konzert, f\u00fcr eine Teilnahmegeb\u00fchr von damals 2 \u20ac pro Person beworben. Dieses Angebot wurde auf Anhieb von 130 Besuchenden genutzt und war der Grundstein f\u00fcr weitere Veranstaltungen dieser Art.<\/p>\n\n\n\n<figure class=\"wp-block-image size-large\"><a href=\"https:\/\/www.g\u00e4nsehaut.at\/wp-content\/uploads\/2017\/01\/DSC0942.jpg\"><img loading=\"lazy\" decoding=\"async\" width=\"1024\" height=\"681\" src=\"https:\/\/www.g\u00e4nsehaut.at\/wp-content\/uploads\/2017\/01\/DSC0942-1024x681.jpg\" alt=\"\" class=\"wp-image-1152\" srcset=\"https:\/\/www.g\u00e4nsehaut.at\/wp-content\/uploads\/2017\/01\/DSC0942-1024x681.jpg 1024w, https:\/\/www.g\u00e4nsehaut.at\/wp-content\/uploads\/2017\/01\/DSC0942-300x200.jpg 300w, https:\/\/www.g\u00e4nsehaut.at\/wp-content\/uploads\/2017\/01\/DSC0942.jpg 1733w\" sizes=\"auto, (max-width: 1024px) 100vw, 1024px\" \/><\/a><figcaption class=\"wp-element-caption\">(Fotocredit: MS Fototeam | Martin Mathes)<\/figcaption><\/figure>\n\n\n\n<h2 class=\"wp-block-heading\">2008<\/h2>\n\n\n\n<p class=\"has-medium-font-size\">Ab 2008 bis 2017 ist G\u00e4nsehaut am Hungerturm ein Fixpunkt im Veranstaltungskalender des Vereins <em>ravelsbach.kultur<\/em>. Die Besucherzahlen sind bereits im zweiten Jahr an einem Grenzwert angelangt. Ein zweiter Veranstaltungstag wird \u00fcberlegt. Der Vereinsvorstand entscheidet, dass das Event weiterhin nur eint\u00e4gig stattfinden wird. Auf die Abhaltung eines Konzertes wird v\u00f6llig verzichtet und der Verein konzentrierte sich auf das Erlebnis-, Stationen- und Horrortheater.<\/p>\n\n\n\n<h2 class=\"wp-block-heading\">2009<\/h2>\n\n\n\n<p class=\"has-medium-font-size\">Ab 2009 bringen sich auch andere Vereine aktiv bei der Veranstaltung mit ein, sei es durch Besetzung von Statistenrollen und Stationen (Musikverein Ravelsbach, Jugend Ravelsbach, Jugend Pfaffstetten, Jugend Ruppersthal, Studentenverbindung Fiducia Ravelsbach) oder durch \u00dcbernahme von Ordnerdiensten (FF Pfaffstetten, FF Gaindorf).<\/p>\n\n\n\n<h2 class=\"wp-block-heading\">2010<\/h2>\n\n\n\n<p class=\"has-medium-font-size\">2010 wurde die urspr\u00fcngliche die Idee aus dem Jahre 2006, die Sage zu verfilmen, umgesetzt. Patrik Friedl war Regisseur und Kameramann gleichzeitig, die Rolle des Erz\u00e4hlers \u00fcbernahm der mittlerweile verstorbene G\u00fcnther Eckelt und Hauptdarsteller des Landstreichers war Stefan Zwinz. <a href=\"https:\/\/www.g\u00e4nsehaut.at\/?page_id=10\">Hier kannst du einen Blick darauf werfen.<\/a><\/p>\n\n\n\n<h2 class=\"wp-block-heading\">2012<\/h2>\n\n\n\n<p class=\"has-medium-font-size\">Der Ticketverkauf wird zum letzten Mal \u00fcber die Marktgemeinde Ravelsbach abgewickelt. Der Ansturm auf die hei\u00dfbegehrten G\u00e4nsehaut-Tickets nimmt solche Ausma\u00dfe an, dass das Personal am Gemeindeamt die Ticket-Anfragen kaum mehr bew\u00e4ltigen kann.<\/p>\n\n\n\n<h2 class=\"wp-block-heading\">2013<\/h2>\n\n\n\n<p class=\"has-medium-font-size\">Tickets werden ausschlie\u00dflich und exklusiv nur mehr \u00fcber den Marketingpartner \u00d6-Ticket vertrieben.<\/p>\n\n\n\n<h2 class=\"wp-block-heading\">2014<\/h2>\n\n\n\n<p class=\"has-medium-font-size\">Die Idee von G\u00e4nsehaut am Hungerturm wird vom Wirtschaftsp\u00e4dagogen, Entrepreneurship Instructor, Lehrbuchautor und Fachkonsulenten f\u00fcr Wirtschaft f\u00fcr das \u00d6sterreichische W\u00f6rterbuch Dr. Johannes Lindner als Vorzeigeprojekt pr\u00e4miert und in das Handbuch f\u00fcr &#8222;Starte dein Projekt&#8220; als Vorzeigebeispiel mitaufgenommen. Das Buch wurde am 26.11. 2014 im Haus der Industrie, Wien 1010, pr\u00e4sentiert.<\/p>\n\n\n\n<p class=\"has-medium-font-size\">Weiters widmete sich 2014 der damalige Hauptorganisator, Stefan Zwinz, in seiner Master-Thesis dem Thema G\u00e4nsehaut am Hungerturm. Er verfasste seine Abschlussarbeit an der Donau-Universit\u00e4t Krems im 7. Studienlehrgang Sport- und Eventmanagement mit dem Thema &#8222;Die Erfolgskontrolle von Veranstaltungen untersucht am Beispiel G\u00e4nsehaut am Hungerturm&#8220; und konnte damit sein Studium erfolgreich abschlie\u00dfen.<\/p>\n\n\n\n<h2 class=\"wp-block-heading\">2015<\/h2>\n\n\n\n<p class=\"has-medium-font-size\">Erstmals wird die 100er Marke bei den Mitwirkenden geknackt. Rund 110 freiwillig, ehrenamtlich Mitarbeitende sind unentgeltlich an der Veranstaltung beteiligt, vom Statisten \u00fcber den Kassier, vom Hauptorganisator bis zum eigenen Technikerteam, einige davon sind Mitglieder des Vereins <em>ravelsbach.kultur<\/em>, andere machen einfach aus Spa\u00df mit. Die j\u00fcngste Statistin ist damals 8 Jahre jung, der \u00e4lteste Helfende, 70 Jahre alt. Das Organisationsteam wird erweitert, die Verantwortlichkeiten noch mehr aufgeteilt. <\/p>\n\n\n\n<h2 class=\"wp-block-heading\">2016<\/h2>\n\n\n\n<p class=\"has-medium-font-size\">Ein neuerlicher Verkaufsrekord l\u00e4sst sogar die Server bei \u00d6-Ticket hei\u00dflaufen. Binnen 3 Minuten ist die Veranstaltung restlos ausverkauft! Das G\u00e4nsehaut-Team trauert um Ing. G\u00fcnther Eckelt (langj\u00e4hriger Statist und Erz\u00e4hler im G\u00e4nsehaut Video).<\/p>\n\n\n\n<h2 class=\"wp-block-heading\">2017<\/h2>\n\n\n\n<p class=\"has-medium-font-size\"><span style=\"color: #000000;\">G\u00e4nsehaut am Hungerturm feiert das 10-j\u00e4hrige Jubil\u00e4um. Erstmals und einmalig wird aus diesem Grund die Veranstaltung zweit\u00e4gig unter dem Motto &#8222;2007-2017, 10 Jahre &#8211; 10 Stationen&#8220; abgehalten. Rund 500 Teilnehmende&nbsp;nutzen die Chance am Horrortheater teilzunehmen. Stefan Zwinz legt die Hauptorganisation der Veranstaltung nach 10 Jahren zur\u00fcck.<\/span> \u00dcberschattet wird das Jubil\u00e4um von einem dreisten Diebstahl in der Nacht von der Generalprobe zum 1. Veranstaltungstag. Ein Notstromaggregat, Spezialeffekte, ein Feuerl\u00f6scher und eine Nebelmaschine im Gesamtwert von \u00fcber \u20ac 3.000,- werden gestohlen. Der Verein setzt \u20ac 1.000,- Belohnung f\u00fcr Hinweise aus. Bis heute fehlt vom T\u00e4ter jede Spur.<\/p>\n\n\n\n<figure class=\"wp-block-image size-large\"><a href=\"https:\/\/www.g\u00e4nsehaut.at\/wp-content\/uploads\/2014\/09\/DSC0538.jpg\"><img loading=\"lazy\" decoding=\"async\" width=\"1024\" height=\"681\" src=\"https:\/\/www.g\u00e4nsehaut.at\/wp-content\/uploads\/2014\/09\/DSC0538-1024x681.jpg\" alt=\"\" class=\"wp-image-581\" srcset=\"https:\/\/www.g\u00e4nsehaut.at\/wp-content\/uploads\/2014\/09\/DSC0538-1024x681.jpg 1024w, https:\/\/www.g\u00e4nsehaut.at\/wp-content\/uploads\/2014\/09\/DSC0538-300x199.jpg 300w, https:\/\/www.g\u00e4nsehaut.at\/wp-content\/uploads\/2014\/09\/DSC0538.jpg 1733w\" sizes=\"auto, (max-width: 1024px) 100vw, 1024px\" \/><\/a><figcaption class=\"wp-element-caption\">(Fotocredit: MS Fototeam | Martin Mathes)<\/figcaption><\/figure>\n\n\n\n<h2 class=\"wp-block-heading\">2018<\/h2>\n\n\n\n<p class=\"has-medium-font-size\">Die G\u00e4nsehaut-Crew g\u00f6nnt sich nach 10 Jahren erfolgreicher Arbeit eine Pause. Ein oder mehrere Hauptverantwortliche f\u00fcr die zuk\u00fcnftige&nbsp;Organisation der Veranstaltung werden gesucht. M\u00f6gliche neue Veranstaltungskonzepte werden diskutiert.<\/p>\n\n\n\n<h2 class=\"wp-block-heading\">2019<\/h2>\n\n\n\n<p class=\"has-medium-font-size\">Markus Br\u00fcckler springt in die Rolle des Hauptorganisators im Rahmen einer Mini-Ausgabe des Events. Dieses findet ohne Nachtwanderung und nur im Kulturzentrum statt. Angeboten werden ein Requisiten-Flohmarkt, ein Grusel-Kino, ein Halloween-Buffet und eine Station im Kulturkeller als Horror-Kabinett. Nach der Veranstaltung legt Markus Br\u00fcckler die Hauptorganisation zur\u00fcck.<\/p>\n\n\n\n<h2 class=\"wp-block-heading\">2020-2022<\/h2>\n\n\n\n<p class=\"has-medium-font-size\">W\u00e4hrend der Corona-Pandemie ist die G\u00e4nsehaut-Crew verzweifelt weiterhin auf der Suche nach einem Nachfolger f\u00fcr den Hauptorganisator.<\/p>\n\n\n\n<h2 class=\"wp-block-heading\">2023<\/h2>\n\n\n\n<p class=\"has-medium-font-size\">Der Verein sport.leben.heute organisiert eine Mini-Gruselwanderung f\u00fcr Kinder. Im Rahmen der Wanderung helfen zahlreiche ehemalige Statisten von G\u00e4nsehaut mit, und kommen wieder auf den Geschmack. Darunter auch Jakob Gruber, der sich bereiterkl\u00e4rt die Hauptorganisation der Veranstaltung zu \u00fcbernehmen. Einzige Bedingung seinerseits: Eine zweite Person muss bei der Hauptorganisation unterst\u00fctzen. Daraufhin erkl\u00e4rt sich Stefan Zwinz bereit, ihm beiseite zu stehen.<\/p>\n\n\n\n<h2 class=\"wp-block-heading\">2024<\/h2>\n\n\n\n<p class=\"has-medium-font-size\">Nach sieben Jahren Pause kehrt &#8222;G\u00e4nsehaut am Hungerturm &#8211; Das Original&#8220; am 26.10. wieder zur\u00fcck. Bereits im J\u00e4nner beginnen die ersten Vorbereitungen. Stefan Zwinz und Jakob Gruber \u00fcbernehmen die Doppelrolle in der Hauptorganisation. Alleine am Drehbuch bzw. der Story wird rund ein halbes Jahr gearbeitet und get\u00fcftelt. Das Erlebnis- und Horrortheater geht erneut mit in Summe rund 450 Besuchenden und Nachtwanderern sowie 100 Statisten erfolgreich \u00fcber die B\u00fchne. Erstmals gibt es dabei vor der Erwachsenenwanderung am Nachmittag auch eine Kinderwanderung auf halber Strecke, bei der alleine rund 60 Personen der 450 teilnehmen.<\/p>\n\n\n\n<h2 class=\"wp-block-heading\">Interessiert?<\/h2>\n\n\n\n<p class=\"has-medium-font-size\">Wenn auch Dich der \u201eHorror\u201c fasziniert, Du gerne Theater spielst, Leute erschreckst und Teil unserer Geschichte werden willst, melde Dich bei uns! Wir sind immer auf der Suche nach freiwilligen Statisten und Darstellern. <a href=\"mailto:ravelsbach.kultur@outlook.at\" target=\"_blank\" rel=\"noreferrer noopener\">Teile uns hier Dein Interesse mit<\/a><\/p>\n","protected":false},"excerpt":{"rendered":"<p>2006 Im Jahre 2006 fanden sich vier junge Menschen die im Rahmen des vom Verein ravelsbach.kultur initiierten Jugendprojektes medien.kunst.haus begannen, die Original-Sage umzuschreiben, dabei das Ende offen zu lassen und diese auch zu verfilmen. Vorerst war aber der Aufwand f\u00fcr einen Filmdreh zu hoch und man verwarf die Idee wieder. Man nahm die Sage daher [&hellip;]<\/p>\n","protected":false},"author":1,"featured_media":0,"parent":2,"menu_order":3,"comment_status":"closed","ping_status":"closed","template":"","meta":{"ngg_post_thumbnail":0,"footnotes":""},"class_list":["post-975","page","type-page","status-publish","hentry"],"_links":{"self":[{"href":"https:\/\/www.g\u00e4nsehaut.at\/index.php?rest_route=\/wp\/v2\/pages\/975","targetHints":{"allow":["GET"]}}],"collection":[{"href":"https:\/\/www.g\u00e4nsehaut.at\/index.php?rest_route=\/wp\/v2\/pages"}],"about":[{"href":"https:\/\/www.g\u00e4nsehaut.at\/index.php?rest_route=\/wp\/v2\/types\/page"}],"author":[{"embeddable":true,"href":"https:\/\/www.g\u00e4nsehaut.at\/index.php?rest_route=\/wp\/v2\/users\/1"}],"replies":[{"embeddable":true,"href":"https:\/\/www.g\u00e4nsehaut.at\/index.php?rest_route=%2Fwp%2Fv2%2Fcomments&post=975"}],"version-history":[{"count":33,"href":"https:\/\/www.g\u00e4nsehaut.at\/index.php?rest_route=\/wp\/v2\/pages\/975\/revisions"}],"predecessor-version":[{"id":1956,"href":"https:\/\/www.g\u00e4nsehaut.at\/index.php?rest_route=\/wp\/v2\/pages\/975\/revisions\/1956"}],"up":[{"embeddable":true,"href":"https:\/\/www.g\u00e4nsehaut.at\/index.php?rest_route=\/wp\/v2\/pages\/2"}],"wp:attachment":[{"href":"https:\/\/www.g\u00e4nsehaut.at\/index.php?rest_route=%2Fwp%2Fv2%2Fmedia&parent=975"}],"curies":[{"name":"wp","href":"https:\/\/api.w.org\/{rel}","templated":true}]}}

https://www.gänsehaut.at/?page_id=975

<h2 class="wp-block-heading">2006</h2>



<p class="has-medium-font-size">Im Jahre 2006 fanden sich vier junge Menschen die im Rahmen des vom Verein <em>ravelsbach.kultur</em> initiierten Jugendprojektes <em>medien.kunst.haus</em> begannen, die Original-Sage umzuschreiben, dabei das Ende offen zu lassen und diese auch zu verfilmen. Vorerst war aber der Aufwand für einen Filmdreh zu hoch und man verwarf die Idee wieder. Man nahm die Sage daher nur audiotechnisch auf, quasi ein Podcast mit nur einer Folge. Noch lange bevor es Podcasts überhaupt gab&#8230;</p>



<h2 class="wp-block-heading">2007</h2>



<p class="has-medium-font-size">Im Jahre 2007 erklärte sich der Verein <em>ravelsbach.kultur </em>unter dem damaligen Obmann Kurt Leidenfrost sen. bereit, diese tontechnischen Mitschnitte der Hungerturmsage während eines mittelalterlichen Konzertes zu Halloween, zu präsentieren und damit die Sage der Bevölkerung – vor allem den Jugendlichen – wieder in das Gedächtnis zu rufen. </p>



<p class="has-medium-font-size">Diese Mitschnitte der Sage bildeten schließlich die Ausgangsgeschichte für ein Stationentheater mit damals 10 Statisten im Rahmen einer Nachtwanderung, an welcher die Konzertbesuchenden kostenlos teilnehmen konnten. Sie hatten dabei die Möglichkeit, in den Wäldern rund um den Hungerturm in Ravelsbach diverse Mutproben zu bestreiten. Das angebotene Kombiticket von Konzert und anschließender Nachtwanderung fand nicht viel Anklang. Jedoch wurde durch den Verein auch die Nachtwanderung alleine, also ohne Konzert, für eine Teilnahmegebühr von damals 2 € pro Person beworben. Dieses Angebot wurde auf Anhieb von 130 Besuchenden genutzt und war der Grundstein für weitere Veranstaltungen dieser Art.</p>



<figure class="wp-block-image size-large"><a href="https://www.gänsehaut.at/wp-content/uploads/2017/01/DSC0942.jpg"><img loading="lazy" decoding="async" width="1024" height="681" src="https://www.gänsehaut.at/wp-content/uploads/2017/01/DSC0942-1024x681.jpg" alt="" class="wp-image-1152" srcset="https://www.gänsehaut.at/wp-content/uploads/2017/01/DSC0942-1024x681.jpg 1024w, https://www.gänsehaut.at/wp-content/uploads/2017/01/DSC0942-300x200.jpg 300w, https://www.gänsehaut.at/wp-content/uploads/2017/01/DSC0942.jpg 1733w" sizes="auto, (max-width: 1024px) 100vw, 1024px" /></a><figcaption class="wp-element-caption">(Fotocredit: MS Fototeam | Martin Mathes)</figcaption></figure>



<h2 class="wp-block-heading">2008</h2>



<p class="has-medium-font-size">Ab 2008 bis 2017 ist Gänsehaut am Hungerturm ein Fixpunkt im Veranstaltungskalender des Vereins <em>ravelsbach.kultur</em>. Die Besucherzahlen sind bereits im zweiten Jahr an einem Grenzwert angelangt. Ein zweiter Veranstaltungstag wird überlegt. Der Vereinsvorstand entscheidet, dass das Event weiterhin nur eintägig stattfinden wird. Auf die Abhaltung eines Konzertes wird völlig verzichtet und der Verein konzentrierte sich auf das Erlebnis-, Stationen- und Horrortheater.</p>



<h2 class="wp-block-heading">2009</h2>



<p class="has-medium-font-size">Ab 2009 bringen sich auch andere Vereine aktiv bei der Veranstaltung mit ein, sei es durch Besetzung von Statistenrollen und Stationen (Musikverein Ravelsbach, Jugend Ravelsbach, Jugend Pfaffstetten, Jugend Ruppersthal, Studentenverbindung Fiducia Ravelsbach) oder durch Übernahme von Ordnerdiensten (FF Pfaffstetten, FF Gaindorf).</p>



<h2 class="wp-block-heading">2010</h2>



<p class="has-medium-font-size">2010 wurde die ursprüngliche die Idee aus dem Jahre 2006, die Sage zu verfilmen, umgesetzt. Patrik Friedl war Regisseur und Kameramann gleichzeitig, die Rolle des Erzählers übernahm der mittlerweile verstorbene Günther Eckelt und Hauptdarsteller des Landstreichers war Stefan Zwinz. <a href="https://www.gänsehaut.at/?page_id=10">Hier kannst du einen Blick darauf werfen.</a></p>



<h2 class="wp-block-heading">2012</h2>



<p class="has-medium-font-size">Der Ticketverkauf wird zum letzten Mal über die Marktgemeinde Ravelsbach abgewickelt. Der Ansturm auf die heißbegehrten Gänsehaut-Tickets nimmt solche Ausmaße an, dass das Personal am Gemeindeamt die Ticket-Anfragen kaum mehr bewältigen kann.</p>



<h2 class="wp-block-heading">2013</h2>



<p class="has-medium-font-size">Tickets werden ausschließlich und exklusiv nur mehr über den Marketingpartner Ö-Ticket vertrieben.</p>



<h2 class="wp-block-heading">2014</h2>



<p class="has-medium-font-size">Die Idee von Gänsehaut am Hungerturm wird vom Wirtschaftspädagogen, Entrepreneurship Instructor, Lehrbuchautor und Fachkonsulenten für Wirtschaft für das Österreichische Wörterbuch Dr. Johannes Lindner als Vorzeigeprojekt prämiert und in das Handbuch für &#8222;Starte dein Projekt&#8220; als Vorzeigebeispiel mitaufgenommen. Das Buch wurde am 26.11. 2014 im Haus der Industrie, Wien 1010, präsentiert.</p>



<p class="has-medium-font-size">Weiters widmete sich 2014 der damalige Hauptorganisator, Stefan Zwinz, in seiner Master-Thesis dem Thema Gänsehaut am Hungerturm. Er verfasste seine Abschlussarbeit an der Donau-Universität Krems im 7. Studienlehrgang Sport- und Eventmanagement mit dem Thema &#8222;Die Erfolgskontrolle von Veranstaltungen untersucht am Beispiel Gänsehaut am Hungerturm&#8220; und konnte damit sein Studium erfolgreich abschließen.</p>



<h2 class="wp-block-heading">2015</h2>



<p class="has-medium-font-size">Erstmals wird die 100er Marke bei den Mitwirkenden geknackt. Rund 110 freiwillig, ehrenamtlich Mitarbeitende sind unentgeltlich an der Veranstaltung beteiligt, vom Statisten über den Kassier, vom Hauptorganisator bis zum eigenen Technikerteam, einige davon sind Mitglieder des Vereins <em>ravelsbach.kultur</em>, andere machen einfach aus Spaß mit. Die jüngste Statistin ist damals 8 Jahre jung, der älteste Helfende, 70 Jahre alt. Das Organisationsteam wird erweitert, die Verantwortlichkeiten noch mehr aufgeteilt. </p>



<h2 class="wp-block-heading">2016</h2>



<p class="has-medium-font-size">Ein neuerlicher Verkaufsrekord lässt sogar die Server bei Ö-Ticket heißlaufen. Binnen 3 Minuten ist die Veranstaltung restlos ausverkauft! Das Gänsehaut-Team trauert um Ing. Günther Eckelt (langjähriger Statist und Erzähler im Gänsehaut Video).</p>



<h2 class="wp-block-heading">2017</h2>



<p class="has-medium-font-size"><span style="color: #000000;">Gänsehaut am Hungerturm feiert das 10-jährige Jubiläum. Erstmals und einmalig wird aus diesem Grund die Veranstaltung zweitägig unter dem Motto &#8222;2007-2017, 10 Jahre &#8211; 10 Stationen&#8220; abgehalten. Rund 500 Teilnehmende&nbsp;nutzen die Chance am Horrortheater teilzunehmen. Stefan Zwinz legt die Hauptorganisation der Veranstaltung nach 10 Jahren zurück.</span> Überschattet wird das Jubiläum von einem dreisten Diebstahl in der Nacht von der Generalprobe zum 1. Veranstaltungstag. Ein Notstromaggregat, Spezialeffekte, ein Feuerlöscher und eine Nebelmaschine im Gesamtwert von über € 3.000,- werden gestohlen. Der Verein setzt € 1.000,- Belohnung für Hinweise aus. Bis heute fehlt vom Täter jede Spur.</p>



<figure class="wp-block-image size-large"><a href="https://www.gänsehaut.at/wp-content/uploads/2014/09/DSC0538.jpg"><img loading="lazy" decoding="async" width="1024" height="681" src="https://www.gänsehaut.at/wp-content/uploads/2014/09/DSC0538-1024x681.jpg" alt="" class="wp-image-581" srcset="https://www.gänsehaut.at/wp-content/uploads/2014/09/DSC0538-1024x681.jpg 1024w, https://www.gänsehaut.at/wp-content/uploads/2014/09/DSC0538-300x199.jpg 300w, https://www.gänsehaut.at/wp-content/uploads/2014/09/DSC0538.jpg 1733w" sizes="auto, (max-width: 1024px) 100vw, 1024px" /></a><figcaption class="wp-element-caption">(Fotocredit: MS Fototeam | Martin Mathes)</figcaption></figure>



<h2 class="wp-block-heading">2018</h2>



<p class="has-medium-font-size">Die Gänsehaut-Crew gönnt sich nach 10 Jahren erfolgreicher Arbeit eine Pause. Ein oder mehrere Hauptverantwortliche für die zukünftige&nbsp;Organisation der Veranstaltung werden gesucht. Mögliche neue Veranstaltungskonzepte werden diskutiert.</p>



<h2 class="wp-block-heading">2019</h2>



<p class="has-medium-font-size">Markus Brückler springt in die Rolle des Hauptorganisators im Rahmen einer Mini-Ausgabe des Events. Dieses findet ohne Nachtwanderung und nur im Kulturzentrum statt. Angeboten werden ein Requisiten-Flohmarkt, ein Grusel-Kino, ein Halloween-Buffet und eine Station im Kulturkeller als Horror-Kabinett. Nach der Veranstaltung legt Markus Brückler die Hauptorganisation zurück.</p>



<h2 class="wp-block-heading">2020-2022</h2>



<p class="has-medium-font-size">Während der Corona-Pandemie ist die Gänsehaut-Crew verzweifelt weiterhin auf der Suche nach einem Nachfolger für den Hauptorganisator.</p>



<h2 class="wp-block-heading">2023</h2>



<p class="has-medium-font-size">Der Verein sport.leben.heute organisiert eine Mini-Gruselwanderung für Kinder. Im Rahmen der Wanderung helfen zahlreiche ehemalige Statisten von Gänsehaut mit, und kommen wieder auf den Geschmack. Darunter auch Jakob Gruber, der sich bereiterklärt die Hauptorganisation der Veranstaltung zu übernehmen. Einzige Bedingung seinerseits: Eine zweite Person muss bei der Hauptorganisation unterstützen. Daraufhin erklärt sich Stefan Zwinz bereit, ihm beiseite zu stehen.</p>



<h2 class="wp-block-heading">2024</h2>



<p class="has-medium-font-size">Nach sieben Jahren Pause kehrt &#8222;Gänsehaut am Hungerturm &#8211; Das Original&#8220; am 26.10. wieder zurück. Bereits im Jänner beginnen die ersten Vorbereitungen. Stefan Zwinz und Jakob Gruber übernehmen die Doppelrolle in der Hauptorganisation. Alleine am Drehbuch bzw. der Story wird rund ein halbes Jahr gearbeitet und getüftelt. Das Erlebnis- und Horrortheater geht erneut mit in Summe rund 450 Besuchenden und Nachtwanderern sowie 100 Statisten erfolgreich über die Bühne. Erstmals gibt es dabei vor der Erwachsenenwanderung am Nachmittag auch eine Kinderwanderung auf halber Strecke, bei der alleine rund 60 Personen der 450 teilnehmen.</p>



<h2 class="wp-block-heading">Interessiert?</h2>



<p class="has-medium-font-size">Wenn auch Dich der „Horror“ fasziniert, Du gerne Theater spielst, Leute erschreckst und Teil unserer Geschichte werden willst, melde Dich bei uns! Wir sind immer auf der Suche nach freiwilligen Statisten und Darstellern. <a href="mailto:ravelsbach.kultur@outlook.at" target="_blank" rel="noreferrer noopener">Teile uns hier Dein Interesse mit</a></p>

<p>2006 Im Jahre 2006 fanden sich vier junge Menschen die im Rahmen des vom Verein ravelsbach.kultur initiierten Jugendprojektes medien.kunst.haus begannen, die Original-Sage umzuschreiben, dabei das Ende offen zu lassen und diese auch zu verfilmen. Vorerst war aber der Aufwand für einen Filmdreh zu hoch und man verwarf die Idee wieder. Man nahm die Sage daher [&hellip;]</p>

https://www.gänsehaut.at/index.php?rest_route=/wp/v2/pages/975

https://www.gänsehaut.at/index.php?rest_route=/wp/v2/pages

https://www.gänsehaut.at/index.php?rest_route=/wp/v2/types/page

https://www.gänsehaut.at/index.php?rest_route=/wp/v2/users/1

https://www.gänsehaut.at/index.php?rest_route=%2Fwp%2Fv2%2Fcomments&post=975

https://www.gänsehaut.at/index.php?rest_route=/wp/v2/pages/975/revisions

https://www.gänsehaut.at/index.php?rest_route=/wp/v2/pages/975/revisions/1956

https://www.gänsehaut.at/index.php?rest_route=/wp/v2/pages/2

https://www.gänsehaut.at/index.php?rest_route=%2Fwp%2Fv2%2Fmedia&parent=975
